t(h) = 1. Let l(i) = i + 8. Let y(w) = 3*w**2 + 31*w - 16. Let f be y(-11). Let s(p) = f*t(p) - l(p). Give s(5).
-7
Let n be (-5)/(-2 + 3 - 2). Let h(p) = -2*p**2 + n - 1 + p**2. Suppose 2*x = -2*x. Give h(x).
4
Suppose 3*p = 3*h - 21, p = -5*h - 0*h + 11. Let b(q) = -3*q**3 - 117*q + 0*q**3 + h + 115*q + 3*q**2. Give b(2).
-13
Let u(d) = -d**3 - 6*d**2 - 3*d. Let t = 14 + 1. Suppose 30 = -5*o + z, -o - z = -3*z + t. Give u(o).
-10
Let r(s) be the second derivative of s**8/6720 + s**7/2520 - s**6/720 + s**5/60 + 17*s**4/12 - 17*s. Let h(f) be the third derivative of r(f). Give h(0).
2
Suppose n - 2*h = 10, 0 = -4*h + 3*h - 3. Let b(s) = 2*s**2 - 13*s + 16. Give b(n).
-4
Suppose -2*v + 3*r + 2 = 0, 7 = 5*r - 3. Let j(f) = -2*f**2 + 11*f - 20. What is j(v)?
-8
Let g be (-5044)/(-169) - (1 + (-30)/26). Let k(y) = -g*y**2 - 2 + 57*y**2 - y**3 - 23*y**2 - 2*y. Determine k(3).
1
Let l(m) = 4*m. Suppose o + 2*h = -3, -2*h = -4*o - 3 - 9. Give l(o).
-12
Let a(r) = -r**2 - 5*r + 4. Let s be a(-5). Let f be 0 + s/2 + 0. Let u(t) = -t**2 - 4*t + 3. Give u(f).
-9
Let i(h) be the third derivative of -h**7/420 - h**6/180 + h**5/60 + h**4/24 + 2*h**3 + 9*h**2. Let u(f) be the first derivative of i(f). What is u(-2)?
5
Let q(r) = -6*r - 48. Let f be q(-10). Suppose -5*j = f*j + 102. Let m(a) = -a - 3. Let z(k) = 3*k + 10. Let n(l) = 7*m(l) + 2*z(l). Give n(j).
5
Let h(r) be the first derivative of 9*r**4/4 - r**2/2 - r + 151. Suppose -3*c + 17 = -3*a + 5, 4*a - 2 = -2*c. What is h(a)?
-9
Suppose -23 = -5*c + 12. Let t(o) = -7*o + 28. Let x(j) = 44*j - 176. Let q(m) = 38*t(m) + 6*x(m). Calculate q(c).
-6
Let x(z) = -z**2 - 6*z - 5. Let d be x(-4). Suppose g - d = 1. Let m(w) = 19*w - 5. Let a(r) = -108*r + 29. Let o(y) = -6*a(y) - 34*m(y). What is o(g)?
4
Let q(v) = -6*v**2 + v. Let y = 57 + -53. Suppose b - z - 3 = 0, 0*b = -y*b - 3*z - 16. Give q(b).
-7
Let y = 60 + -52. Let f(v) = -2*v + 14. Give f(y).
-2
Let o(y) = 5*y + 7. Let q be 8*(-2 - 15/(-6)). Let s(k) = 3*k + 23 + 12*k - 4*k - 8. Let b(i) = q*s(i) - 9*o(i). Calculate b(5).
-8
Let y(p) = -3*p - 3. Let f(j) = -j**3 - 3*j**2 - 2*j - 1. Let r be f(-1). Suppose 4*v = 6*v - 5*g - 10, 16 = -4*g. Let s be v*(2/(-5))/r. Give y(s).
3
Let m(h) = h - 9. Suppose 0 = -6*b + 5*b + 2. Let f be b + -2 - (-11 + (-2 - -3)). Determine m(f).
1
Let x = -371 + 372. Let n(p) = 2*p - 4. Determine n(x).
-2
Let t(o) be the third derivative of -11/24*o**4 - 1/6*o**3 + o + 0 - 7*o**2 + 1/60*o**5. What is t(9)?
-19
Let v(h) be the third derivative of h**5/60 - h**4/6 - 5*h**3/3 - 333*h**2. Determine v(6).
2
Suppose 3*x - 6 = 3*l - 6*l, 5*l - 28 = 4*x. Let c be x/(-10) - (-19)/5. Let h(a) = -a. Determine h(c).
-4
Let g(j) be the first derivative of -j**5/60 + j**4/12 - 23*j**2/2 + 10. Let o(m) be the second derivative of g(m). What is o(2)?
0
Suppose -256 = -4*t - 4*y + 48, -y = 3*t - 234. Let n = -68 + t. Let g(q) = -q**3 + 12*q**2 - 12*q + 16. Calculate g(n).
5
Let l(r) = 90 - 121 + r + 43. Calculate l(-14).
-2
Let i(p) = -3*p**2 + 2*p. Suppose 102 = 25*v + 52. What is i(v)?
-8
Let c = 3 + -2. Let w(s) = s**3 + 9*s**2 + 4*s - 34. Let k be w(-8). Let a be (k + c)/(7 - 6). Let r(f) = 4*f**2. Give r(a).
4
Suppose 0 = 2*x + 5*p + 31 - 3, -2*p + 14 = -2*x. Let b(c) = c**3 + 8*c**2 - 9*c + 5. Determine b(x).
5
Suppose 3*v + 2*i - 10 = -0*i, 5*i = -5. Suppose 2 + 18 = v*g. Let k(p) = p**3 - 4*p**2 - 5*p - 1. Determine k(g).
-1
Let r = 14693/24 + -612. Let d(a) be the third derivative of 0 - 5*a**2 - r*a**4 + 0*a + 1/3*a**3. Calculate d(2).
-8
Let d(n) = 3*n + 53 - 5*n**2 - 49 + 2*n**2 + n**3. What is d(3)?
13
Let j(l) = 4 + 3*l + 1 - 4*l. Let m(f) = -9*f**2 - 13*f - 7. Let p(s) = -5*s**2 - 7*s - 4. Let q(v) = 6*m(v) - 11*p(v). Let r be q(2). Determine j(r).
1
Suppose 1 = 4*r + 5. Let z(s) be the second derivative of -1/2*s**2 + 1/4*s**4 + 0 - 1/6*s**3 + 4*s. Calculate z(r).
3
Let j(c) = -c**3 + 3*c**2 + c + 2. Let g be j(3). Suppose 19 = 4*h - g. Let l(m) = 219 - h*m + 2*m - 222. Determine l(-4).
13
Let n(l) be the first derivative of l**3/3 - 2*l**2 + 6*l - 105. Give n(8).
38
Let r(a) = -a**3 - 2*a**2 - 3. Let u = -8 - -8. Let j = -3 + u. What is r(j)?
6
Let p(y) = -2*y**2 + 3*y - 1. Let i = -5 + 2. Let c(t) = 0*t - 3*t + 9 - t**2 - 7. Let w be c(i). What is p(w)?
-3
Let h(p) = -3*p - 5. Let m be (-5 + 1 + 7)*-1. Calculate h(m).
4
Let o(y) = -3*y + 1. Suppose 3*z + 35 = -2*z. Let q be (-1892)/(-387) - (-1 + -1)/18. Let b = z + q. Determine o(b).
7
Let s(v) = 3*v + 6. Suppose 5*w - 2*b = w + 18, 3*w - 7 = -5*b. Suppose -3*g + w*o = 23 + 5, 0 = 2*g + o + 4. Let l be s(g). Let x(m) = 2*m + 9. Calculate x(l).
-3
Let u = 6 - 4. Suppose 1 = -u*z + 5. Let a(y) = -y + 3*y**2 + y**3 - 2*y**z - 3*y**2. Determine a(2).
-2
Let f(y) = -y + 13. Let r be f(11). Let v(q) = -3*q**2 + 25 + 3*q - 2*q**3 + 0*q - 23 + r*q**2. Determine v(-2).
8
Let j = -58 + 64. Let f(y) = -3*y + 18. Calculate f(j).
0
Let o(q) = 6*q + 1 - 2*q - 7*q + 4*q. Let u be o(6). Let c(n) = 9*n - 16. Let i(m) = 13*m - 24. Let v(x) = -7*c(x) + 5*i(x). Give v(u).
6
Let i(v) = 2*v - 8. Suppose 8 = 31*p - 116. What is i(p)?
0
Let i(y) = -5*y - 6. Let c = 12 + -12. Let k be i(c). Let a(u) = -5 - 7*u + 0*u - u**2 + u. Determine a(k).
-5
Let p(w) = w**2 + 10*w - 9. Suppose -4*j + j + 8 = -2*h, -4*h - 3*j - 34 = 0. Calculate p(h).
-30
Let s(k) be the first derivative of -k**4/4 + 7*k**3/3 - 5*k**2/2 - 5*k - 42. Suppose -5*z - 4 + 9 = 0. Suppose -5*g + 31 = z. Calculate s(g).
1
Let l(a) = a - 17. Let k be l(12). Let h(r) = -r**2 - 9*r + 7. Let n(b) = -4*b + 3. Let u(m) = k*n(m) + 2*h(m). Determine u(2).
-5
Let b(i) = 0*i - 75 - i + 72 - 3*i**2. Determine b(-3).
-27
Let s(c) be the first derivative of -c**4/4 + c**3/3 + 3*c**2/2 - 6*c + 319. Give s(4).
-42
Suppose 45 = -6*d + 45. Let r(u) be the second derivative of -u**3/6 - 9*u**2/2 - 20*u. Calculate r(d).
-9
Let j(h) = h**3 + 8*h**2 + h + 10. Let r be j(-8). Let q be -5 + r + (-4 - -1). Let p = 7 + q. Let v(b) = -3*b**2 + 2*b - 1. What is v(p)?
-2
Let q(u) = 9 + 3*u + 4*u - 6*u. Let x be 1/((-1)/2 + 1). Suppose w + x*w = 0. Calculate q(w).
9
Let t(b) = -2*b**2 + b + 13. Let h be t(3). Let n(f) = -f**3 - 3*f**2 - 5*f - 4. What is n(h)?
2
Suppose 7*u + 24 = -25. Let m = 8 + u. Let s(r) be the first derivative of -5*r**2/2 - 1. Determine s(m).
-5
Let r = -10 + 1. Let v be (r/6)/((-6)/16). Let b(z) = -8 + z**2 + 0*z**2 - v*z + z**2 - z**2. Give b(6).
4
Let z(k) = -k**3 + 3*k**2 + 4*k - 3. Suppose 0 = 2*g + 3*c - 3 - 2, 2*g - 3*c - 11 = 0. Determine z(g).
-3
Let k(w) = -3 - w**2 + 6*w + 3 - 4. Let u = -2 - -8. What is k(u)?
-4
Let a(j) = -j**2 - 18*j - 80. Suppose -4*o = -7*o + 3*k - 36, -3*o - 39 = -4*k. What is a(o)?
1
Suppose -28*z = -258 + 342. Let q(y) = -y**3 - 5*y**2 + 4*y + 4. What is q(z)?
-26
Let q = -3 - -10. Let x = q + 2. Let d(m) = m**2 - 7*m**2 + m**3 - 3 + x*m - m. Determine d(5).
12
Let l be (40/(-12) + 2)/(2/(-3)). Suppose 3*v = m + 12, 0 = 2*m - v + l*v - 4. Let c(b) = b**3 + b + 5. Give c(m).
5
Let z(r) be the third derivative of r**9/15120 - r**6/720 + r**5/60 + 3*r**2. Let y(m) be the third derivative of z(m). Let c be 1 + (-2)/3*3. Determine y(c).
-5
Let a(h) = -h**3 - 10*h**2 - 7*h + 12. Suppose 24 = m - 7*m. Let b be (-47)/5 - (22/(-5) - m). Determine a(b).
-6
Suppose -5*f - 6*f - 121 = 0. Let r(q) = -q**2 - 12*q - 7. What is r(f)?
4
Let s(j) = 2*j - j**3 - 3*j - 1 - 18*j**2 + 11 + 19*j**2 - j. Give s(0).
10
Let d(h) be the third derivative of 0 + 0*h - 5/24*h**4 - 1/3*h**3 - 9*h**2. Give d(3).
-17
Suppose 3*j + 0*j - 9 = 0. Suppose 0 = 3*n - 7*n - b + 129, -j*n + 3*b + 108 = 0. Suppose -x - 6 = 2*r + 9, 5*x + n = -3*r. Let m(g) = -2*g - 9. What is m(r)?
3
Let u(y) be the first derivative of -y**3/3 + 4*y**2 - 6*y + 67. Give u(7).
1
Let i(m) = -5*m - 278. Let v be i(-55). Let o(z) = 5*z**2 + 4*z - 1. Give o(v).
32
Let g(v) = 76*v**2 - 75*v**2 - 3*v**3 + v**3 + 2*v + v**3. Suppose -15 = 2*h - 5*h. Suppose -4*c = h*b + 2, b = -b - 5*c - 11. Determine g(b).
0
Let p(w) = -7*w + 3. Suppose 0 = -3*r + 2*c - 3, -2*r - 21 = c + 4*c. Let a be 18/6 + (0 - r). Suppose 3*x - 5 = 5*j, a*j - 3*j = 2*x - 4. What is p(j)?
-11
Let f(o) = o**3 + 13*o**2 - 15*o - 2. Let g be f(-14). Let b be 10/3*g/8. Let k(m) = -m**2 + 5*m + 3. C